mon divisor of 123 and 249.
3
What is the greatest common factor of 99 and 207?
9
What is the greatest common factor of 1060 and 440?
20
What is the highest common factor of 396 and 162?
18
Calculate the greatest common divisor of 180 and 288.
36
Calculate the greatest common factor of 15 and 16605.
15
What is the highest common divisor of 105 and 35?
35
What is the highest common divisor of 203 and 14?
7
What is the greatest common divisor of 16441 and 1203?
401
What is the highest common factor of 14 and 8?
2
Calculate the greatest common divisor of 20596 and 152.
76
What is the greatest common divisor of 47 and 2?
1
What is the highest common factor of 5586 and 114?
114
Calculate the greatest common factor of 11 and 473.
11
What is the greatest common factor of 272 and 884?
68
What is the greatest common divisor of 7052 and 1968?
164
What is the highest common factor of 1099 and 133?
7
Calculate the greatest common divisor of 59 and 7.
1
What is the highest common divisor of 136 and 102?
34
What is the highest common factor of 6683 and 41?
41
What is the greatest common divisor of 82247 and 11?
11
Calculate the greatest common factor of 112 and 8848.
112
What is the highest common divisor of 33380 and 20?
20
What is the highest common factor of 66 and 638?
22
What is the highest common divisor of 8 and 232?
8
Calculate the greatest common divisor of 2691 and 2106.
117
What is the greatest common factor of 35 and 455?
35
What is the greatest common factor of 100 and 116?
4
What is the greatest common divisor of 1125 and 45?
45
Calculate the greatest common factor of 210 and 735.
105
Calculate the highest common factor of 2597 and 1643.
53
What is the highest common divisor of 375 and 3?
3
What is the highest common divisor of 117 and 15?
3
Calculate the highest common divisor of 105 and 21.
21
Calculate the highest common factor of 36 and 2187.
9
Calculate the greatest common divisor of 93 and 3.
3
Calculate the highest common divisor of 14 and 56.
14
What is the highest common divisor of 648 and 540?
108
What is the highest common factor of 405 and 60?
15
Calculate the highest common factor of 1242 and 46.
46
What is the greatest common factor of 1751 and 34?
17
Calculate the greatest common factor of 973 and 21.
7
What is the highest common divisor of 63 and 14?
7
What is the highest common divisor of 78 and 52?
26
Calculate the greatest common divisor of 932 and 26795.
233
Calculate the greatest common factor of 784 and 16.
16
Calculate the highest common divisor of 3936 and 96.
96
Calculate the highest common factor of 208 and 39.
13
Calculate the greatest common factor of 36 and 1134.
18
What is the highest common factor of 175 and 7?
7
What is the greatest common divisor of 427 and 549?
61
What is the greatest common factor of 19459 and 58?
29
What is the highest common divisor of 84 and 8?
4
What is the highest common divisor of 10128 and 4642?
422
Calculate the greatest common divisor of 12 and 81.
3
Calculate the highest common factor of 3080 and 400.
40
Calculate the greatest common factor of 10400 and 13.
13
What is the greatest common factor of 501 and 9?
3
Calculate the greatest common factor of 100 and 1.
1
What is the highest common factor of 44 and 64?
4
Calculate the highest common factor of 14 and 10.
2
Calculate the highest common divisor of 255 and 47940.
255
Calculate the highest common factor of 28 and 3962.
14
What is the greatest common factor of 329 and 3807?
47
What is the highest common factor of 6 and 42?
6
Calculate the highest common divisor of 188 and 120.
4
What is the highest common factor of 20 and 44?
4
What is the greatest common factor of 88737 and 33?
33
Calculate the greatest common divisor of 1806 and 378.
42
What is the greatest common divisor of 3 and 237?
3
Calculate the greatest common factor of 595 and 255.
85
What is the greatest common factor of 450 and 144?
18
What is the highest common factor of 384 and 12?
12
What is the greatest common factor of 1470 and 120?
30
What is the greatest common divisor of 195 and 15?
15
What is the highest common factor of 420 and 10164?
84
Calculate the greatest common divisor of 946 and 22.
22
What is the greatest common factor of 12 and 48?
12
What is the highest common divisor of 41 and 615?
41
What is the highest common divisor of 350 and 6790?
70
What is the highest common divisor of 76 and 12?
4
Calculate the highest common divisor of 220 and 60.
20
What is the greatest common factor of 112 and 364?
28
Calculate the highest common factor of 949 and 365.
73
Calculate the greatest common factor of 126 and 8064.
126
What is the highest common divisor of 30 and 85?
5
What is the greatest common factor of 264 and 1122?
66
Calculate the greatest common divisor of 621 and 23.
23
Calculate the highest common divisor of 7317 and 81.
27
Calculate the greatest common factor of 1178 and 186.
62
What is the highest common divisor of 42796 and 13?
13
What is the highest common divisor of 12 and 1398?
6
What is the highest common factor of 43 and 86?
43
Calculate the greatest common factor of 1904 and 442.
34
Calculate the greatest common divisor of 72 and 88.
8
What is the highest common divisor of 6759 and 27?
9
What is the greatest common divisor of 480 and 1980?
60
What is the highest common divisor of 4661 and 59?
59
What is the highest common divisor of 180 and 40?
20
Calculate the highest common divisor of 4602 and 78.
78
What is the greatest common divisor of 6309 and 9?
9
Calculate the highest common factor of 13 and 26.
13
What is the greatest common factor of 28323 and 54?
27
Calculate the highest common divisor of 215 and 15695.
215
What is the greatest common divisor of 3654 and 87?
87
Calculate the highest common factor of 585 and 45.
45
What is the highest common factor of 14 and 700?
14
What is the greatest common factor of 583 and 22?
11
What is the highest common factor of 861 and 3?
3
Calculate the highest common factor of 882 and 392.
98
Calculate the greatest common divisor of 21 and 357.
21
Calculate the greatest common factor of 412 and 618.
206
What is the highest common factor of 10 and 50?
10
Calculate the highest common divisor of 78257 and 139.
139
What is the highest common factor of 61 and 10309?
61
Calculate the highest common factor of 3514 and 14.
14
What is the highest common divisor of 6231 and 186?
93
What is the greatest common factor of 252 and 72?
36
Calculate the highest common factor of 726 and 99.
33
What is the greatest common divisor of 280 and 336?
56
Calculate the greatest common divisor of 255 and 204.
51
What is the highest common divisor of 374 and 55?
11
Calculate the highest common factor of 4 and 124.
4
What is the greatest common divisor of 10 and 790?
10
Calculate the greatest common factor of 56 and 1316.
28
Calculate the greatest common factor of 13 and 75179.
13
What is the highest common factor of 65 and 3211?
13
What is the highest common factor of 1764 and 161?
7
What is the greatest common factor of 672 and 744?
24
Calculate the greatest common factor of 1875 and 390.
15
Calculate the greatest common divisor of 26 and 26.
26
Calculate the greatest common divisor of 378 and 56.
14
Calculate the greatest common factor of 15 and 3.
3
Calculate the highest common divisor of 100 and 8.
4
Calculate the highest common divisor of 237 and 6004.
79
What is the highest common divisor of 52 and 6383?
13
What is the greatest common divisor of 22 and 16027?
11
What is the highest common divisor of 5337 and 54?
9
Calculate the highest common divisor of 12 and 156.
12
What is the highest common factor of 511 and 803?
73
Calculate the highest common divisor of 15 and 4455.
15
What is the highest common factor of 90 and 690?
30
Calculate the greatest common factor of 315 and 189.
63
Calculate the greatest common factor of 6084 and 4.
4
Calculate the greatest common divisor of 357 and 561.
51
Calculate the highest common divisor of 131 and 1441.
131
Calculate the highest common factor of 3526 and 344.
86
Calculate the highest common factor of 78 and 12831.
39
Calculate the greatest common factor of 254 and 381.
127
Calculate the greatest common divisor of 2730 and 2310.
210
What is the greatest common divisor of 13536 and 18